*t + 2*g + 2 - 6 = 0. Is (-11)/1*22/t prime?
False
Let g(q) = -q**2 + q + 33. Is g(0) composite?
True
Let l = -309 + 632. Suppose -3*u + l = -43. Is u a composite number?
True
Let z(o) = -31*o. Suppose -3*d - 2 = -d. Is z(d) a composite number?
False
Suppose -w + 0*t = -4*t + 233, t = -2. Let b = w - -464. Is b a prime number?
True
Let v(d) = -d**3 - 14*d**2 - 2*d + 4. Is v(-19) composite?
False
Let s(x) = 29*x - 2 - 29*x - 4*x**2. Let n(g) = g**2 + g - 1. Let c(i) = -3*n(i) - s(i). Is c(5) a prime number?
False
Suppose -r - 2*d = r - 76, 0 = -2*r - 4*d + 86. Is r a prime number?
False
Let u = -22 + 42. Is (-8)/u - (-914)/10 composite?
True
Suppose 0*o - 20 = -o. Suppose -x + 352 = y, 0 = -x - 3*x + o. Is y composite?
False
Suppose -5*p - 2*o + 265 = -2332, 2*p - 1058 = 4*o. Is p composite?
False
Suppose 0 = -5*n + 25. Let o = 13 + -11. Suppose -278 = -2*z - o*z + n*d, 341 = 5*z - 3*d. Is z a composite number?
False
Suppose n + 5 = 6*n - d, 4*d = 3*n + 14. Let r(u) = 15*u**2 + 4*u - 3. Let o be r(n). Suppose -2*c = -l + 16 - 77, 2*c + 3*l - o = 0. Is c a composite number?
False
Let g(z) = -z**2 + 20*z + 21. Let c(y) be the third derivative of -5*y**4/24 - 5*y**3/6 + 2*y**2. Let a(i) = -9*c(i) - 2*g(i). Is a(-4) a composite number?
True
Let i(n) = -n**2 + 9*n + 21. Let z(v) = 5*v + 10. Let t(m) = -4*i(m) + 9*z(m). Is t(7) a composite number?
True
Let s(b) = 2*b**2 - 10*b + 4. Let q be s(8). Suppose 0 = -4*a - 5*l + 199, -2*a - 2*l = -q - 50. Is (2 - 2 - 1) + a a prime number?
False
Let r(m) = m**3 - 14*m**2 + m + 3. Let x(y) = 2*y**3 - 29*y**2 + 2*y + 5. Let v(n) = 5*r(n) - 2*x(n). Let a be v(12). Let q = a - -6. Is q composite?
False
Is (4/12*38)/((-6)/(-369)) prime?
False
Suppose 0 = -3*r - r + 2148. Is r prime?
False
Suppose 8 = -2*w - w - 5*s, -5*w = -2*s - 28. Suppose -3*f - w*z - 19 = -4*f, 38 = 2*f + 5*z. Is f composite?
False
Suppose 2*r = -0*r + 24. Let w(b) = -2*b**2 - 10*b - 7 + 3*b**3 - b**3 + r*b. Is w(5) a prime number?
False
Let l be 0*(6/4 + -2). Suppose -4*p - 27 = -f - 2, l = 3*p - 9. Is f a composite number?
False
Suppose 6*p - 511 = 911. Is p a composite number?
True
Let s = 11 - 7. Suppose -s*a + 20 = 4. Suppose -a*u + 3*q + 25 = 0, 4*u - 10 + 3 = -3*q. Is u a composite number?
True
Let v = 65 - -65. Suppose v = 4*h - 178. Is h composite?
True
Suppose 5*v - 5 = 0, 2*v - 720 = -5*q + 1027. Suppose 6*x + 4*h - 167 = 5*x, 3*h - q = -2*x. Is x a composite number?
False
Suppose -385*c = -386*c + 1039. Is c prime?
True
Let h(l) = 15*l - 13. Let r be h(-10). Let t = r - -237. Is t a composite number?
True
Suppose o - 2 = 2*o. Is (-424)/o + -3 + 0 a composite number?
True
Let v(s) = -s**2 - 4*s + 3. Let i be v(-4). Suppose -i*d - h = 26 - 128, -2*h = 5*d - 171. Is d a prime number?
False
Let l(f) = 5*f**2 - f - f + 0*f**3 - 7 + f**3. Let y be l(-5). Is (-78)/(-4)*14/y a prime number?
False
Suppose -36 + 7 = -3*k + 5*w, -k + 3 = -5*w. Suppose -x + 151 = -27. Suppose -5*c - k = -x. Is c a prime number?
False
Suppose 0 = 5*z - 5*b - 525, -3*z + 2*z + 4*b + 114 = 0. Suppose 5*c + 2*i - 165 = -3*i, 4*c = 2*i + z. Is 652/c - 2/7 composite?
False
Suppose 2*f - 16 - 36 = 0. Suppose -2*s = 2*z - f, -27 = -2*s + 3*z - 6*z. Is 33/2*16/s prime?
False
Let c(w) = -63*w - 4. Is c(-3) a prime number?
False
Suppose 53 = -s - 48. Let i be 2/(-6) - 2255/(-15). Let x = i + s. Is x composite?
True
Suppose 6*v - 42 = 3*v. Let h be (-3)/(-7) + 22/v. Let q = h - -13. Is q composite?
True
Let r = -92 - -179. Suppose y = -p + r, 3*p - 9 = -4*y + 250. Let v = 222 - p. Is v a prime number?
False
Let z be (-1 - 13)*7/2. Let g = 30 - z. Is g prime?
True
Suppose -4*m + 2*m = -406. Is m a composite number?
True
Let j = -1144 - -2903. Is j prime?
True
Suppose -2*a + 8 = 2*k + 4, 0 = -4*k. Suppose -a*o - 7 = -1. Let y(i) = -2*i**3 + 3*i**2 - i - 1. Is y(o) a prime number?
True
Let r = -1 + 114. Is r prime?
True
Suppose 4*i - 1467 = -i + 4*r, -4*i + 1149 = 5*r. Is i prime?
False
Suppose -4*r = -p - 11, 0 = 2*p - 6*p - 3*r - 25. Let d = p - -4. Is d*1/(3/(-15)) a composite number?
True
Is (240 - 1) + 6/18*0 a composite number?
False
Let g be (-2)/(-12) + (-61)/6. Let o = 23 + g. Is o prime?
True
Suppose -3*q - 3 = -12. Let x be 8/q + 2/6. Suppose -2*d = 2 - 10, 5*i - x*d - 833 = 0. Is i prime?
False
Let k(y) = 2*y + 0*y**2 - 17 - 2*y + y**2 - y. Let n be k(0). Let x = 5 - n. Is x a prime number?
False
Let h(q) = -8*q**2 + 0 - 3 + 13*q**2 - q. Is h(-5) prime?
True
Let f be 46/6 + (-12)/18. Let z(k) = -k. Let i(l) = -l. Let c(y) = -7*i(y) + 6*z(y). Is c(f) prime?
True
Let o be (2/2)/((-4)/(-164)). Suppose 83 = 4*u - o. Is u composite?
False
Let p = 29 + 54. Let g be 2/2 + p/(-1). Let c = g - -137. Is c a composite number?
True
Suppose -1060 = -4*r - 40. Suppose 7 = 2*s - r. Suppose 0 = -0*a + a - s. Is a composite?
False
Suppose 3*s + 2*l = 21, 3*s - 2*l - 14 = -s. Suppose -420 = -0*w - s*w. Suppose 0 = 3*o + o - w. Is o prime?
False
Let z(u) = 202*u - 1. Let c be z(1). Let n = c + -104. Is n a prime number?
True
Suppose 4*l = -5*y + 366, 2*l = 3*l - 2*y - 85. Is l a composite number?
False
Suppose 3 = -a, -4*x + 3*a + 0*a = -29. Is (-2 - 66)*x/(-4) composite?
True
Is (-8510)/(-4) - (-5)/(70/21) composite?
False
Let c(z) = 835*z**3 + z**2 + 2*z - 3. Is c(1) prime?
False
Suppose -3*i = -0*i + 1233. Let s = -146 - i. Is s prime?
False
Let h = 887 - 570. Is h a prime number?
True
Let s = 15 + -134. Let p = -82 - s. Is p prime?
True
Suppose -q + 8 = -8. Is (1592/q)/((-2)/(-4)) a composite number?
False
Let i = -2 - -6. Suppose -5*s = -2*f + 180, 93 = f - i*s - 0*s. Is f prime?
False
Let v = -4188 + 7733. Is v composite?
True
Let o(i) be the second derivative of 5*i**4/6 + i**3/2 + i**2/2 + 2*i. Let r be o(-2). Suppose -n = -0*n - r. Is n a prime number?
False
Let u(v) = v**3 - 8*v**2 - 8*v - 8. Let k be u(9). Suppose -2*a = x + k, 3*x + 2*x = a - 5. Suppose -i + 15 - 4 = a. Is i a composite number?
False
Let q(z) = -3*z + 1. Let y be q(-3). Suppose 2*g - 2*d - y = 0, d - 35 + 10 = -5*g. Suppose 4*w - 148 = -g*v, -5*w + 140 = -4*v - 45. Is w a composite number?
False
Suppose -3*c - 3*u + 24 + 6 = 0, 3*u - 52 = -5*c. Is c composite?
False
Let a(x) = -x - 2. Let r be a(-5). Suppose 145 = -r*n + 4*n. Is n a composite number?
True
Let y(u) = -13*u - 7. Let z = -17 - -9. Is y(z) prime?
True
Suppose -3*r - 60 = -414. Is r prime?
False
Let h(q) = -4*q - q - 11 - 9*q + 2*q. Is h(-8) a prime number?
False
Suppose 3*t - 3*h - 13929 = 0, -2*t - 4*h + 9298 = -0*t. Is t a composite number?
True
Suppose 5*r = 3*r - 4. Let n(k) = -k**3 - k**2 - 1. Let w be n(r). Suppose -y + 316 = w*y. Is y composite?
False
Let u(p) = -23*p + 6. Let h(y) = -24*y + 5. Let r(o) = 3*h(o) - 4*u(o). Is r(11) a composite number?
False
Suppose -3807 = -4*y - 435. Is y composite?
True
Let r(f) = f - 8. Let b be r(6). Let c be b/(-9) + (-68)/(-18). Suppose -c*n = 35 - 167. Is n a composite number?
True
Suppose -126 - 147 = -3*q - 3*f, -3*q - f = -269. Is q a prime number?
True
Suppose -s + 6*s - 345 = 0. Let z = 2 + s. Let x = 106 - z. Is x a prime number?
False
Let t(b) = 37*b + 9. Is t(4) prime?
True
Is (1*276/(-8))/3*-94 prime?
False
Let d(i) = i - 2. Let b be d(5). Suppose b*x - 9 = 3. Let q(o) = 15*o - 1. Is q(x) composite?
False
Let g(p) = -2*p**3 - 3*p**2 - p + 1. Let f be 40/(-25) + 4/(-10). Is g(f) a composite number?
False
Is (-9)/15 - (-18522)/45 a composite number?
True
Suppose p + 2 = 3*y, 4*p - 5*p = y - 6. Suppose y*v + v = 1281. Is v a composite number?
True
Suppose -8 = -5*o + 2. Let h(p) be the third derivative of p**6/6 + p**3/6 - p**2. Is h(o) a prime number?
False
Suppose 0*n = -n + 1. Suppose -h + n = -66. Is h a composite number?
False
Let g = 2 - 5. Let f be (g/(-6))/((-2)/(-16)). Suppose 0 = 4*b + 3*r - f - 155, -5*r = 3*b - 122. Is b composite?
True
Suppose -m = 42 + 5. Let v = 10 - m. Is v prime?
False
Let s(z) = z**3 - 11*z**2 - 9*z - 22. Is s(15) a composite number?
False
Let v(l) be the third derivative of l**5/60 - 7*l**4/24 + l**3/3 + 4*l**2. Let w be v(8). Is -3 + w*(2 - 1) composite?
False
Let s be (10/6)/((-6)/(-108)). Is 2 - (s/(-1) + -3) prime?
False
Let t(l) be the second derivative of -l**5/20 + 11*l**4/12 + 11*l**3/6 + 3*l**2 - 2*l. Is t(11) a composite number?
False
Su